{"id":25,"date":"2025-07-15T11:29:11","date_gmt":"2025-07-15T11:29:11","guid":{"rendered":"https:\/\/compactmob.ptservices\/"},"modified":"2026-01-27T16:45:46","modified_gmt":"2026-01-27T16:45:46","slug":"products","status":"publish","type":"page","link":"http:\/\/compactmob.pt\/pt_pt\/products\/","title":{"rendered":"Products"},"content":{"rendered":"\n\n\n\n\n\n\n\n\n\n<h2 style=\"text-rendering: optimizelegibility; font-family: Abel; font-size: 24px; line-height: 1.2em; letter-spacing: 3.5px; text-transform: uppercase; color: rgb(77, 202, 195); margin-right: auto; margin-bottom: 0.3em; margin-left: auto;\">\n  RETAIL MOB\n<\/h2>\n\n<div style=\"font-family: 'Open Sans'; color: rgb(88, 89, 91); letter-spacing: 1px;\">\n  <p>\n    Compact MOB Retail, para um processo publicit\u00e1rio mais sustent\u00e1vel e adaptado \u00e0s realidades emergentes do mercado de consumo. \u00c9 a montra perfeita, com v\u00e1rias op\u00e7\u00f5es dependendo dos produtos a expor. Cada expositor \u00e9 enviado desmontado e embalado em caixas planas para um processo mais econ\u00f3mico.\n  <\/p>\n  <p>\n    Para pa\u00edses fora da Uni\u00e3o Europeia, solicite informa\u00e7\u00f5es por e-mail para \n    <a href=\"mailto:compactmob@mhs.pt?subject=Enquires%20Compact%20Mob\" style=\"color: rgb(77, 202, 195); text-decoration-line: none;\">compactmob@mhs.pt<\/a>.\n    Para envios na Uni\u00e3o Europeia, visite a nossa loja online. Confira!\n  <\/p>\n<\/div>\n\n\n\n\n\n\n\n\n\n\n\n\n\n\n<h2 style=\"text-rendering: optimizelegibility; font-family: Abel; font-size: 24px; line-height: 1.2em; letter-spacing: 3.5px; text-transform: uppercase; color: rgb(77, 202, 195); margin-right: auto; margin-bottom: 0.3em; margin-left: auto;\">\n  HOME MOB\n<\/h2>\n\n<div style=\"font-family: 'Open Sans'; color: rgb(88, 89, 91); letter-spacing: 1px;\">\n  <p>\nCompact MOB Home, a extens\u00e3o da marca dedicada a solu\u00e7\u00f5es sustent\u00e1veis de mobili\u00e1rio dom\u00e9stico. Proporciona espa\u00e7os funcionais e esteticamente apelativos, promovendo pr\u00e1ticas ambientalmente respons\u00e1veis e inclusivas. A sustentabilidade \u00e9 uma prioridade e um fator cada vez mais valorizado nas sociedades modernas.\n  <\/p>\n  <p>\n    Para pa\u00edses fora da Uni\u00e3o Europeia, solicite informa\u00e7\u00f5es por e-mail para \n    <a href=\"mailto:compactmob@mhs.pt?subject=Enquires%20Compact%20Mob\" style=\"color: rgb(77, 202, 195); text-decoration-line: none;\">compactmob@mhs.pt<\/a>.\n    Para envios na Uni\u00e3o Europeia, visite a nossa loja online. Confira!\n  <\/p>\n<\/div>\n\n\n\n\n\n\n\n\n\n\n\n\n\n\n\n\n\n\n\n\n<h2 style=\"text-rendering: optimizelegibility; font-family: Abel; font-size: 24px; line-height: 1.2em; letter-spacing: 3.5px; text-transform: uppercase; color: rgb(77, 202, 195); margin-right: auto; margin-bottom: 0.3em; margin-left: auto;\">\n  HOME MOB\n<\/h2>\n\n<div style=\"font-family: 'Open Sans'; color: rgb(88, 89, 91); letter-spacing: 1px;\">\n  <p>\nCompact MOB Home, a extens\u00e3o da marca dedicada a solu\u00e7\u00f5es sustent\u00e1veis de mobili\u00e1rio dom\u00e9stico. Proporciona espa\u00e7os funcionais e esteticamente apelativos, promovendo pr\u00e1ticas ambientalmente respons\u00e1veis e inclusivas. A sustentabilidade \u00e9 uma prioridade e um fator cada vez mais valorizado nas sociedades modernas.\n  <\/p>\n  <p>\n    Para pa\u00edses fora da Uni\u00e3o Europeia, solicite informa\u00e7\u00f5es por e-mail para \n    <a href=\"mailto:compactmob@mhs.pt?subject=Enquires%20Compact%20Mob\" style=\"color: rgb(77, 202, 195); text-decoration-line: none;\">compactmob@mhs.pt<\/a>.\n    Para envios na Uni\u00e3o Europeia, visite a nossa loja online. Confira!\n  <\/p>\n<\/div>\n\n\n\n\n\n\n\n\n\n\n\n\n\n\n<h2 style=\"text-rendering: optimizelegibility; font-family: Abel; font-size: 24px; line-height: 1.2em; letter-spacing: 3.5px; text-transform: uppercase; color: rgb(77, 202, 195); margin-right: auto; margin-bottom: 0.3em; margin-left: auto;\">\n  PET MOB\n<\/h2>\n\n<div style=\"font-family: 'Open Sans'; color: rgb(88, 89, 91); letter-spacing: 1px;\">\n  <p>\nCompact MOB Pet, criado para oferecer conforto, funcionalidade e estilo aos animais de estima\u00e7\u00e3o e seus donos. Cada pe\u00e7a \u00e9 projetada com aten\u00e7\u00e3o aos detalhes, adaptada \u00e0s necessidades dos animais e integrando-se perfeitamente a qualquer ambiente.Com um design ergon\u00f3mico e materiais de alta qualidade, a PET MOB promove o bem-estar animal, oferecendo espa\u00e7os acolhedores para descanso, alimenta\u00e7\u00e3o e lazer. \n  <\/p>\n  <p>\n    Para pa\u00edses fora da Uni\u00e3o Europeia, solicite informa\u00e7\u00f5es por e-mail para \n    <a href=\"mailto:compactmob@mhs.pt?subject=Enquires%20Compact%20Mob\" style=\"color: rgb(77, 202, 195); text-decoration-line: none;\">compactmob@mhs.pt<\/a>.\n    Para envios na Uni\u00e3o Europeia, visite a nossa loja online. Confira!\n  <\/p>\n<\/div>\n\n\n\n\n\n\n\n\n\n\n","protected":false},"excerpt":{"rendered":"","protected":false},"author":1,"featured_media":0,"parent":0,"menu_order":0,"comment_status":"closed","ping_status":"closed","template":"","meta":{"pagelayer_contact_templates":[],"_pagelayer_content":"","footnotes":""},"class_list":["post-25","page","type-page","status-publish","hentry"],"_links":{"self":[{"href":"http:\/\/compactmob.pt\/pt_pt\/wp-json\/wp\/v2\/pages\/25","targetHints":{"allow":["GET"]}}],"collection":[{"href":"http:\/\/compactmob.pt\/pt_pt\/wp-json\/wp\/v2\/pages"}],"about":[{"href":"http:\/\/compactmob.pt\/pt_pt\/wp-json\/wp\/v2\/types\/page"}],"author":[{"embeddable":true,"href":"http:\/\/compactmob.pt\/pt_pt\/wp-json\/wp\/v2\/users\/1"}],"replies":[{"embeddable":true,"href":"http:\/\/compactmob.pt\/pt_pt\/wp-json\/wp\/v2\/comments?post=25"}],"version-history":[{"count":14,"href":"http:\/\/compactmob.pt\/pt_pt\/wp-json\/wp\/v2\/pages\/25\/revisions"}],"predecessor-version":[{"id":168,"href":"http:\/\/compactmob.pt\/pt_pt\/wp-json\/wp\/v2\/pages\/25\/revisions\/168"}],"wp:attachment":[{"href":"http:\/\/compactmob.pt\/pt_pt\/wp-json\/wp\/v2\/media?parent=25"}],"curies":[{"name":"wp","href":"https:\/\/api.w.org\/{rel}","templated":true}]}}

<h2 style="text-rendering: optimizelegibility; font-family: Abel; font-size: 24px; line-height: 1.2em; letter-spacing: 3.5px; text-transform: uppercase; color: rgb(77, 202, 195); margin-right: auto; margin-bottom: 0.3em; margin-left: auto;">
  RETAIL MOB
</h2>

<div style="font-family: 'Open Sans'; color: rgb(88, 89, 91); letter-spacing: 1px;">
  <p>
    Compact MOB Retail, para um processo publicitário mais sustentável e adaptado às realidades emergentes do mercado de consumo. É a montra perfeita, com várias opções dependendo dos produtos a expor. Cada expositor é enviado desmontado e embalado em caixas planas para um processo mais económico.
  </p>
  <p>
    Para países fora da União Europeia, solicite informações por e-mail para 
    <a href="mailto:compactmob@mhs.pt?subject=Enquires%20Compact%20Mob" style="color: rgb(77, 202, 195); text-decoration-line: none;">compactmob@mhs.pt</a>.
    Para envios na União Europeia, visite a nossa loja online. Confira!
  </p>
</div>














<h2 style="text-rendering: optimizelegibility; font-family: Abel; font-size: 24px; line-height: 1.2em; letter-spacing: 3.5px; text-transform: uppercase; color: rgb(77, 202, 195); margin-right: auto; margin-bottom: 0.3em; margin-left: auto;">
  HOME MOB
</h2>

<div style="font-family: 'Open Sans'; color: rgb(88, 89, 91); letter-spacing: 1px;">
  <p>
Compact MOB Home, a extensão da marca dedicada a soluções sustentáveis de mobiliário doméstico. Proporciona espaços funcionais e esteticamente apelativos, promovendo práticas ambientalmente responsáveis e inclusivas. A sustentabilidade é uma prioridade e um fator cada vez mais valorizado nas sociedades modernas.
  </p>
  <p>
    Para países fora da União Europeia, solicite informações por e-mail para 
    <a href="mailto:compactmob@mhs.pt?subject=Enquires%20Compact%20Mob" style="color: rgb(77, 202, 195); text-decoration-line: none;">compactmob@mhs.pt</a>.
    Para envios na União Europeia, visite a nossa loja online. Confira!
  </p>
</div>




















<h2 style="text-rendering: optimizelegibility; font-family: Abel; font-size: 24px; line-height: 1.2em; letter-spacing: 3.5px; text-transform: uppercase; color: rgb(77, 202, 195); margin-right: auto; margin-bottom: 0.3em; margin-left: auto;">
  HOME MOB
</h2>

<div style="font-family: 'Open Sans'; color: rgb(88, 89, 91); letter-spacing: 1px;">
  <p>
Compact MOB Home, a extensão da marca dedicada a soluções sustentáveis de mobiliário doméstico. Proporciona espaços funcionais e esteticamente apelativos, promovendo práticas ambientalmente responsáveis e inclusivas. A sustentabilidade é uma prioridade e um fator cada vez mais valorizado nas sociedades modernas.
  </p>
  <p>
    Para países fora da União Europeia, solicite informações por e-mail para 
    <a href="mailto:compactmob@mhs.pt?subject=Enquires%20Compact%20Mob" style="color: rgb(77, 202, 195); text-decoration-line: none;">compactmob@mhs.pt</a>.
    Para envios na União Europeia, visite a nossa loja online. Confira!
  </p>
</div>














<h2 style="text-rendering: optimizelegibility; font-family: Abel; font-size: 24px; line-height: 1.2em; letter-spacing: 3.5px; text-transform: uppercase; color: rgb(77, 202, 195); margin-right: auto; margin-bottom: 0.3em; margin-left: auto;">
  PET MOB
</h2>

<div style="font-family: 'Open Sans'; color: rgb(88, 89, 91); letter-spacing: 1px;">
  <p>
Compact MOB Pet, criado para oferecer conforto, funcionalidade e estilo aos animais de estimação e seus donos. Cada peça é projetada com atenção aos detalhes, adaptada às necessidades dos animais e integrando-se perfeitamente a qualquer ambiente.Com um design ergonómico e materiais de alta qualidade, a PET MOB promove o bem-estar animal, oferecendo espaços acolhedores para descanso, alimentação e lazer. 
  </p>
  <p>
    Para países fora da União Europeia, solicite informações por e-mail para 
    <a href="mailto:compactmob@mhs.pt?subject=Enquires%20Compact%20Mob" style="color: rgb(77, 202, 195); text-decoration-line: none;">compactmob@mhs.pt</a>.
    Para envios na União Europeia, visite a nossa loja online. Confira!
  </p>
</div>
