{"id":63,"date":"2025-07-15T14:13:34","date_gmt":"2025-07-15T14:13:34","guid":{"rendered":"https:\/\/compactmob.pt?page_id=63"},"modified":"2025-07-28T16:37:47","modified_gmt":"2025-07-28T16:37:47","slug":"sustainability","status":"publish","type":"page","link":"http:\/\/compactmob.pt\/pt_pt\/","title":{"rendered":"Sustainability"},"content":{"rendered":"\n\n\n\n<h2 style=\"text-rendering: optimizelegibility; font-family: Abel; font-size: 24px; line-height: 1.2em; letter-spacing: 3.5px; text-transform: uppercase; margin-right: auto; margin-bottom: 0.3em; margin-left: auto; color: rgb(10, 177, 169);\">\n  O NOSSO COMPROMISSO: SUSTENTABILIDADE\n<\/h2>\n\n<div style=\"font-family: 'Open Sans'; letter-spacing: 1px;\">\n  <p>\n    Os expositores Compact MOB s\u00e3o a nova gera\u00e7\u00e3o de um processo publicit\u00e1rio mais sustent\u00e1vel e, por isso, mais adaptado \u00e0s novas sensibilidades do mercado consumidor, minimizando o impacto ambiental.\n  <\/p>\n  <p>\n    Estamos a avan\u00e7ar no sentido de garantir que todos os nossos produtos prov\u00eam de florestas sustent\u00e1veis. A nossa mat\u00e9ria-prima \u00e9 certificada pelo FSC\u00ae e PEFC\u2122, pelo que podemos garantir aos nossos clientes e \u00e0 sociedade em geral que a mat\u00e9ria-prima dos nossos produtos certificados prov\u00e9m de uma gest\u00e3o florestal sustent\u00e1vel.\n  <\/p>\n  <p>\n    A responsabilidade ambiental \u00e9 cada vez mais um fator de valoriza\u00e7\u00e3o pela sociedade moderna. O facto de a madeira ser uma mat\u00e9ria-prima renov\u00e1vel \u00e9 apenas o in\u00edcio deste longo caminho.\n  <\/p>\n  <p>\n    <strong>POR UM FUTURO MELHOR!<\/strong>\n  <\/p>\n<\/div>\n\n\n<h2 style=\"text-rendering: optimizelegibility; font-family: Abel; font-size: 24px; line-height: 1.2em; letter-spacing: 3.5px; text-transform: uppercase; color: rgb(77, 202, 195); margin: 0 0 0.3em 0;\">\n  MATERIAIS RECICL\u00c1VEIS E RECICLADOS\n<\/h2>\n\n<div style=\"font-family: 'Open Sans'; color: rgb(88, 89, 91); letter-spacing: 1px;\">\n  <p>\n    Feitos de contraplacado de b\u00e9tula ou choupo, ou MDF, s\u00e3o fortes e resistentes, leves e f\u00e1ceis e r\u00e1pidos de montar sem ferramentas, gra\u00e7as ao sistema de encaixe. \u00c9 a vitrine perfeita para todos os tipos de produtos: cosm\u00e9ticos, produtos alimentares, utens\u00edlios dom\u00e9sticos ou produtos para animais de estima\u00e7\u00e3o, entre outros.\n  <\/p>\n  <p>\n    O contraplacado \u00e9 composto por folhas de madeira cruzadas coladas a uma base de resina a altas temperaturas. \u00c9 um produto com todas as vantagens de ecoefici\u00eancia de uma placa 100% de madeira, que oferece alta estabilidade, dureza e resist\u00eancia \u00e0 humidade.\n  <\/p>\n  <p style=\"margin-bottom: 0;\">\n    Cada expositor \u00e9 enviado desmontado com instru\u00e7\u00f5es f\u00e1ceis e embalado individualmente para um transporte mais econ\u00f3mico e uma pegada de carbono mais ecol\u00f3gica. Seguindo as novas diretrizes da Uni\u00e3o Europeia para o uso de materiais recicl\u00e1veis, reciclados e <strong>inclusivos na nova din\u00e2mica da Economia Circular Sustent\u00e1vel.<\/strong>\n  <\/p>\n<\/div>\n\n\n\n\n\n\n\n\n\n\n\n\n\n\n\n\n\n\n\n\n\n","protected":false},"excerpt":{"rendered":"","protected":false},"author":1,"featured_media":0,"parent":0,"menu_order":0,"comment_status":"closed","ping_status":"closed","template":"","meta":{"pagelayer_contact_templates":[],"_pagelayer_content":"","footnotes":""},"class_list":["post-63","page","type-page","status-publish","hentry"],"_links":{"self":[{"href":"http:\/\/compactmob.pt\/pt_pt\/wp-json\/wp\/v2\/pages\/63","targetHints":{"allow":["GET"]}}],"collection":[{"href":"http:\/\/compactmob.pt\/pt_pt\/wp-json\/wp\/v2\/pages"}],"about":[{"href":"http:\/\/compactmob.pt\/pt_pt\/wp-json\/wp\/v2\/types\/page"}],"author":[{"embeddable":true,"href":"http:\/\/compactmob.pt\/pt_pt\/wp-json\/wp\/v2\/users\/1"}],"replies":[{"embeddable":true,"href":"http:\/\/compactmob.pt\/pt_pt\/wp-json\/wp\/v2\/comments?post=63"}],"version-history":[{"count":11,"href":"http:\/\/compactmob.pt\/pt_pt\/wp-json\/wp\/v2\/pages\/63\/revisions"}],"predecessor-version":[{"id":151,"href":"http:\/\/compactmob.pt\/pt_pt\/wp-json\/wp\/v2\/pages\/63\/revisions\/151"}],"wp:attachment":[{"href":"http:\/\/compactmob.pt\/pt_pt\/wp-json\/wp\/v2\/media?parent=63"}],"curies":[{"name":"wp","href":"https:\/\/api.w.org\/{rel}","templated":true}]}}

<h2 style="text-rendering: optimizelegibility; font-family: Abel; font-size: 24px; line-height: 1.2em; letter-spacing: 3.5px; text-transform: uppercase; margin-right: auto; margin-bottom: 0.3em; margin-left: auto; color: rgb(10, 177, 169);">
  O NOSSO COMPROMISSO: SUSTENTABILIDADE
</h2>

<div style="font-family: 'Open Sans'; letter-spacing: 1px;">
  <p>
    Os expositores Compact MOB são a nova geração de um processo publicitário mais sustentável e, por isso, mais adaptado às novas sensibilidades do mercado consumidor, minimizando o impacto ambiental.
  </p>
  <p>
    Estamos a avançar no sentido de garantir que todos os nossos produtos provêm de florestas sustentáveis. A nossa matéria-prima é certificada pelo FSC® e PEFC™, pelo que podemos garantir aos nossos clientes e à sociedade em geral que a matéria-prima dos nossos produtos certificados provém de uma gestão florestal sustentável.
  </p>
  <p>
    A responsabilidade ambiental é cada vez mais um fator de valorização pela sociedade moderna. O facto de a madeira ser uma matéria-prima renovável é apenas o início deste longo caminho.
  </p>
  <p>
    <strong>POR UM FUTURO MELHOR!</strong>
  </p>
</div>


<h2 style="text-rendering: optimizelegibility; font-family: Abel; font-size: 24px; line-height: 1.2em; letter-spacing: 3.5px; text-transform: uppercase; color: rgb(77, 202, 195); margin: 0 0 0.3em 0;">
  MATERIAIS RECICLÁVEIS E RECICLADOS
</h2>

<div style="font-family: 'Open Sans'; color: rgb(88, 89, 91); letter-spacing: 1px;">
  <p>
    Feitos de contraplacado de bétula ou choupo, ou MDF, são fortes e resistentes, leves e fáceis e rápidos de montar sem ferramentas, graças ao sistema de encaixe. É a vitrine perfeita para todos os tipos de produtos: cosméticos, produtos alimentares, utensílios domésticos ou produtos para animais de estimação, entre outros.
  </p>
  <p>
    O contraplacado é composto por folhas de madeira cruzadas coladas a uma base de resina a altas temperaturas. É um produto com todas as vantagens de ecoeficiência de uma placa 100% de madeira, que oferece alta estabilidade, dureza e resistência à humidade.
  </p>
  <p style="margin-bottom: 0;">
    Cada expositor é enviado desmontado com instruções fáceis e embalado individualmente para um transporte mais económico e uma pegada de carbono mais ecológica. Seguindo as novas diretrizes da União Europeia para o uso de materiais recicláveis, reciclados e <strong>inclusivos na nova dinâmica da Economia Circular Sustentável.</strong>
  </p>
</div>
